
Let z be 11/(-2) + 5/(-10). Let x(y) = 6 + y**2 + 0 - 2*y + 5*y + 1. What is the units digit of x(z)?
5
Suppose -5*g - 310 + 75 = 0. What is the tens digit of 2/(-1 - 49/g)?
4
Suppose 4*h = -24 + 236. Suppose 4*t - h = -9. Let c = 8 + t. What is the units digit of c?
9
Let v(a) = a**3 + 10*a**2 + 4*a + 6. Let c be v(-9). What is the units digit of (-2)/(-6) + 1768/c?
5
Let k = -31 - -31. Let b be (0 + k)*(-6)/6. Suppose b*x = -5*x + 225. What is the tens digit of x?
4
Suppose 0 = -3*q - q + 3*t + 26, t = 2*q - 12. Suppose 21 - q = -j. Let c = 38 + j. What is the tens digit of c?
2
Suppose -r - 153 = -f + 3*r, 5*f - 708 = r. What is the units digit of (f - (8 - 4)) + 0?
7
Let t(u) = 2*u**3 - 30*u**2 - 19*u + 12. What is the tens digit of t(16)?
2
Suppose -5*a + 4*a - 10 = 0. Let y be 4/a - 544/40. Let c = -6 - y. What is the units digit of c?
8
Let g(l) = 6*l**2 + 5*l - 11. What is the tens digit of g(-9)?
3
What is the tens digit of (-3 - (-171)/63)*(-4503 - -2)?
8
Let k(z) = -3*z**3 + 2*z**2 + 2*z - 1. Let c(y) = -y**3 + 13*y**2 - 12*y + 2. Let b be c(12). Let i be k(b). Let v = 37 + i. What is the units digit of v?
4
Let q = 2520 + -920. What is the tens digit of q?
0
Suppose -k + 182 = 6*k. Let z = -29 + k. Let m = 14 - z. What is the tens digit of m?
1
Suppose -2*q = -3*q - 2598. What is the units digit of -2 - q/15 - (-6)/(-30)?
1
Let t(x) = 31*x - 19. What is the tens digit of t(4)?
0
Let z = -161 - -319. Suppose -2*s - 2*s + 3*k = -145, 0 = 5*s + 4*k - z. What is the tens digit of s?
3
Let s = -47 - -57. Suppose -s*m = -14*m + 488. What is the tens digit of m?
2
Let o = -14 + 16. Suppose -3*y + o*f - 34 = 0, 2*f + f + 9 = -3*y. What is the units digit of y*(-3 + 3 + -2)?
6
Let i(x) = x**2. Let y(w) = 3*w**2 - 1. Let b(u) = -8*i(u) + 3*y(u). Let h be b(-3). What is the units digit of 9/54 + 23/h?
4
Let n = 1 + 1. Suppose -12 = r - n*r. What is the units digit of r?
2
Let a(y) = -30*y + 4. Suppose 12 = -6*t - 12. Let c be a(t). Let d = c - 66. What is the tens digit of d?
5
Suppose 0*z = -3*b + 4*z + 424, -5*b - 2*z = -672. Let t = 308 - b. What is the tens digit of t?
7
What is the tens digit of (2 + -1)/6 - (-47090)/60?
8
Let u be 6 + (1 - 3) + -2. Let g be -397 - (u + -2 + 3). What is the units digit of (-10)/45 - g/18?
2
Let i = 1564 + -366. What is the units digit of i?
8
Suppose 0 = -4*u - 15252 + 37684. What is the units digit of u?
8
What is the units digit of ((-45)/108 - (-12)/18)*18596?
9
Let q(s) = -s**3 - 7*s**2 - 5*s + 1. Let p be q(-6). What is the tens digit of (8/4 - p)*1*7?
4
Let d(l) = 7*l**2 - 2*l + 29. Let j be d(6). Suppose -7*i + 1235 = j. What is the hundreds digit of i?
1
What is the units digit of 3060 - ((-75)/11 - (-28)/(-154))?
7
Suppose 0 = -f + 4*q + 643, 4*f + 922 = 4*q + 3554. What is the hundreds digit of f?
6
Suppose 8*d - 236 - 1716 = 0. Suppose -4*s + d = -2*u, 71 = s - 2*u - u. What is the tens digit of s?
5
Suppose -8*n - 1046 = -6726. What is the units digit of n?
0
Suppose 3*b - 7*a - 781 = -11*a, -5*a = -20. What is the hundreds digit of b?
2
Let i(a) = -12*a**3 + 4*a + 4. Let k be i(2). What is the tens digit of 6 + -6 + 3 - k?
8
Let f = -11 + 14. Suppose 0*s + f*s - 222 = 0. Suppose 3*j - 222 = i, -3*i + s = j + 2*i. What is the units digit of j?
4
Suppose 12 + 43 = 5*s. Let l = -11 + s. Suppose -2*t - 12 + 52 = l. What is the tens digit of t?
2
What is the tens digit of -6 + (0 - 6 - -30)?
1
Suppose 154 = 6*r - 2. What is the tens digit of (r/6 - 4)*246/2?
4
Let c = -281 - -359. What is the units digit of c?
8
Let x be (0 - -2) + 3 - 2. Suppose -41 = -x*b + 640. What is the tens digit of b?
2
Suppose 0 = -z - 5, -z + 793 = -4*n + 8966. What is the thousands digit of n?
2
Let b = -2895 - -4412. What is the tens digit of b?
1
Suppose 9*y = 1168 + 4439. What is the tens digit of y?
2
What is the tens digit of (-3)/(24/64) + 1212?
0
Let j(m) = -56*m + 27. Let b(a) = 28*a - 14. Let i(u) = 11*b(u) + 6*j(u). What is the hundreds digit of i(-4)?
1
Let g = -50 + 50. Suppose g*z + 5*y + 202 = 4*z, -5*z - 4*y + 232 = 0. What is the units digit of z?
8
Suppose -s + 0*s + 4 = 0. Suppose 2*j + 4 = s*j. Suppose 0 = -j*o - o + 102. What is the tens digit of o?
3
Suppose -5*v - 15 = q, 3*q + v + 0 + 3 = 0. Suppose q = -2*m + 10 + 18. What is the units digit of m?
4
Let r(z) = 3*z**3 + 5*z**2 + 10*z - 20. What is the hundreds digit of r(5)?
5
Suppose -2*z = -13 + 5. Suppose -3*q - z = -2*q. What is the units digit of (-2)/q - (-42)/4?
1
Let o be (1 - -3)/(-12)*6. Let j be 2 + ((-2)/o - -2). Suppose -4*l = -3*l + k - 6, -j*l - 4*k = -30. What is the units digit of l?
6
Suppose 39*r - 24 = 37*r. Let h = r + -7. Suppose 5*s + 3*x = 177, -9 = -2*s - h*x + 58. What is the units digit of s?
6
Let c be (-96)/(-18) + (-2)/6. Suppose 0 = -0*z - c*z + 10, 4*z - 68 = -4*v. Suppose -i + 4*i = v. What is the units digit of i?
5
Let h = -381 - -436. What is the units digit of h?
5
Let i(m) = -6*m**3 - 5*m**2 - 4*m. Let g be i(-1). Suppose 3*c = -3*y + 204, g*y + c = 313 + 39. What is the tens digit of y?
7
Suppose 0 = -w + 192 + 108. Suppose -2*o = o - w. What is the tens digit of o?
0
Let j = 1180 + 607. What is the tens digit of j?
8
What is the units digit of 2339/6 - 2*4/(-48)?
0
Suppose -5*y = 3*w - 4750, -w + 0*w = 5*y - 1570. What is the thousands digit of w?
1
Suppose 0 = 5*g + o - 1373, 2*g - 1108 = -2*g - 4*o. What is the hundreds digit of g?
2
Let t(v) = -v**3 - 9*v**2 + 20*v + 43. What is the hundreds digit of t(-14)?
7
Suppose 105*q = 117*q - 36048. What is the hundreds digit of q?
0
Let a = 24 - 16. Let w = 8 - a. Suppose 3 = -k - 0, 2*v + 4*k - 4 = w. What is the units digit of v?
8
Suppose 4*m = -3*m + 2688. What is the tens digit of m?
8
Suppose -206 + 830 = 6*o. Suppose o = -0*l + 4*l. What is the units digit of l?
6
Let g(q) = 34*q**3 - 17*q**2 + 33*q. What is the hundreds digit of g(4)?
0
What is the hundreds digit of (1*4)/((22/182)/11)?
3
Suppose 257 = -z + 857. What is the tens digit of z?
0
Let p(j) = 271*j**3 + j**2 - 13*j - 4. Let k(u) = 136*u**3 + u**2 - 7*u - 2. Let f(y) = 5*k(y) - 3*p(y). What is the tens digit of f(-1)?
3
What is the units digit of (-631)/4*(-20)/5?
1
Let t = 41 - 36. Suppose 3*i + t*u + 183 - 728 = 0, 5*i + u - 879 = 0. What is the hundreds digit of i?
1
Let l(x) = 12*x**2 + 16*x - 46. What is the thousands digit of l(-12)?
1
What is the tens digit of -2*4/16*-4090?
4
Let j(o) = o + 9. Let p be j(-9). Suppose p = -3*c + 2*c + 4. Suppose -5*b + 13 = -h + 42, c*b + 82 = 5*h. What is the units digit of h?
4
Let b(o) = o**3 - 7*o**2 - 3*o + 3. Let w be b(7). What is the units digit of 22380/108 - (-4)/w?
7
Let t be (-96 - -3)*(-20)/(-15). What is the tens digit of (t/6)/((-16)/24)?
3
Let q(h) = 2*h**2 - 25*h - 13. Let i(a) = a**2 - 12*a - 7. Let t(z) = 7*i(z) - 4*q(z). Suppose 7*w - 48 = 4*w. What is the units digit of t(w)?
3
Let a(m) = 165*m**2 + 12*m + 10. What is the hundreds digit of a(-3)?
4
Let l(x) = -x**3 - 20*x**2 + 12*x + 26. Let a be l(-21). Suppose -30*h + 35*h - a = 0. What is the units digit of h?
3
Suppose 5*f - 4*t = -25, f + 3*t = 5*f + 20. Let x(q) = 3*q**2 - 3*q - 7. What is the tens digit of x(f)?
8
Let i be 911/2 - (-18)/(-36). Let d = i + -290. What is the hundreds digit of d?
1
Let i be (-1)/6 - (-62)/12. Suppose 201 = 4*c + 5*f, i*c + 4*f + 0*f - 249 = 0. What is the tens digit of c?
4
Suppose 0 = w + 120 - 13. Let f = w - -150. Let g = f - 17. What is the units digit of g?
6
Let m(w) = w**3 + 6*w**2 - 2*w. Let y be m(-6). Suppose y*r = 2*r + 2850. What is the units digit of r?
5
Suppose -4*h + 8 = -8. Let a(q) = 3*q - 10*q - 11*q + h*q + 4. What is the tens digit of a(-2)?
3
Let m be (-24)/(-84) + 18/(-14). Let b = 0 - m. Let g(u) = 35*u**3 - u**2 + u - 1. What is the tens digit of g(b)?
3
Let q(f) = -13*f - 2. Let g = 13 - 18. Let u be q(g). Let w = u + -22. What is the tens digit of w?
4
Suppose -143 = -3*w - 53. Suppose 4*j - 14 = w. Let r = 41 - j. What is the units digit of r?
0
Let f be -8*((3 - 1) + 1). Let o = 63 + f. What is the tens digit of o?
3
Let h = -31 + 32. Suppose o - 11 + h = 0. What is the tens digit of o?
1
Let p be (5/4)/(4/16). Suppose 3*t + 100 = p*v, 0*v = 2*v - t - 39. Let h = 51 - v. What is the units digit of h?
4
Suppose -